git of x?
1
Suppose w + j = -40, 4*w + 74 + 86 = -3*j. What is the units digit of (-21)/2*(w + 32)?
4
Let g = 880 - 325. Let i = g - 296. What is the units digit of i?
9
Let b = -59733 + 109471. What is the units digit of b?
8
Let b(m) = 1503*m**3 - 8*m**2 + m. What is the ten thousands digit of b(2)?
1
What is the hundreds digit of (-799705)/(-65) + 1/((-117)/18)?
3
Let c(y) = y**3 - 10*y**2 + 15*y + 13. Let b be c(11). Suppose 415 = 3*u + 2*d, 4*d + 9 - b = -2*u. What is the units digit of u?
5
Let i be ((-130)/13)/((-2)/2). Let s be 4 + -2 + (i - 2). Suppose -s*z + 6*z = -32. What is the units digit of z?
8
Suppose 15*t + 29872 - 297658 = -14*t. What is the units digit of t?
4
Let v(o) = -49*o**2 + 12*o + 11. Let r be v(-3). Let p = 932 + r. What is the tens digit of p?
6
Let g = -12964 - -20479. What is the tens digit of g?
1
Let r be (-18)/1*(-3 + 21/2). What is the units digit of (((-1134)/(-35))/((-6)/r))/1?
9
Suppose 21*q - 397980 = 135063 - 84756. What is the units digit of q?
7
Suppose 11*d = -55 - 77. Let x(b) = b**3 + 12*b**2 - 19*b + 2. What is the hundreds digit of x(d)?
2
Let v = 237 + -234. Let o = 7 + -3. Suppose o*i - 4*y - 244 = 0, v*i - 2*y = -0*y + 183. What is the tens digit of i?
6
Suppose h + s + 4*s - 1696 = 0, 0 = 2*h - 5*s - 3467. Suppose 0 = -4*c + h + 1155. What is the tens digit of c?
1
Let h = -3982 + 7845. What is the tens digit of h?
6
Let b be (-13)/((-78)/2988) - -1. Let l = -36 + b. What is the hundreds digit of l?
4
Suppose 9 = 6*m - 3*m. Suppose -4 = l, -m*x - 3*l = x. What is the units digit of 0/((-3)/x) - -64?
4
Let s be (-3 - (-23596)/12) + 6/(-18). Suppose -611 = 9*q + s. Let b = 593 + q. What is the units digit of b?
7
Let n(v) = 7*v**2 - 6*v - 154. Let u be n(15). Suppose 5*x = 6481 - u. What is the thousands digit of x?
1
Let m(y) = -16*y - 5. Let t = -27 - -43. Let z = -20 + t. What is the tens digit of m(z)?
5
Let l(b) be the first derivative of -2*b**2 + 23*b + 31. Let w be l(8). What is the hundreds digit of (2/w + 1/(-9))*-381?
1
Suppose -38 = -61*i + 23*i. What is the tens digit of i/(-3) + (-267923)/(-339)?
9
Let v = 205 + -200. Suppose -18 = -q - o - 4, 2*q = -v*o + 25. What is the tens digit of q?
1
Let f(u) = u**3 - 6*u**2 - 6*u + 44. Let i be f(6). Suppose -i*p + 5*p = 5*c - 823, -c + 537 = 2*p. What is the units digit of p?
6
Let x = -138 + 140. Suppose -4*k = x*q - 422 - 522, k = -5*q + 245. What is the tens digit of k?
3
Let w(j) = 19*j**2 - 5*j. Let l be w(-1). Suppose -x + 534 = -l. What is the units digit of x?
8
Let m = 259 - 255. What is the tens digit of (m - 108/9) + 731?
2
Let f(b) be the first derivative of -2*b**4 - 23*b**3/6 - 25*b**2/2 + 8. Let s(i) be the second derivative of f(i). What is the tens digit of s(-4)?
6
Let y = 30 - -5. Suppose 30*t + 360 = y*t. What is the tens digit of (t/(-3))/((2 - 1) + -2)?
2
Let v(h) = -316*h + 65. What is the units digit of v(-13)?
3
Let k be 1/(1/(-70)*-2). Suppose -k = 16*o - 3. What is the hundreds digit of (-1 - -503)*-1*1/o?
2
Suppose 0 = -4*s + 352 - 132. Suppose t = -r - 31, 5*r + 73 = -4*t - s. What is the hundreds digit of (t/(-27))/(164/(-165) - -1)?
1
Let z(n) = 2*n**2 - 3*n + 13. Let u be z(0). Suppose u = s - 319. What is the units digit of s?
2
Let j be 4/(-3)*(135/(-10) + 6). Suppose 13*l = j*l + 12. Suppose 277 = l*n - 5*q, n = -0*q + 2*q + 67. What is the tens digit of n?
7
Suppose 0 = v - 243 + 232. Suppose -18*c + 3325 = -v*c. What is the tens digit of c?
7
Let p(l) = -l**2 - 11*l - 6. Let r(m) = m - 8. Let j be r(4). Let b(u) = 11*u + 5. Let i(f) = j*b(f) - 3*p(f). What is the tens digit of i(8)?
0
Suppose j - 5*y = -9*y - 34, -y = -2*j - 50. What is the tens digit of (-19497)/(-27) + j/234?
2
Let s(l) = 3*l**2 - 24*l + 59. Suppose 3405*r = 3404*r + 8. What is the units digit of s(r)?
9
Let h(o) = -77*o + 329. What is the hundreds digit of h(-39)?
3
Let d = 18 - 1. Suppose -8 = 5*y + d. Let v(h) = h**3 + 6*h**2 - 3*h - 1. What is the units digit of v(y)?
9
Let o = 87 + -58. Suppose 30*s - o*s = 0. Suppose 0 = -k - u + 94, s = 4*k + u - 130 - 252. What is the units digit of k?
6
Suppose 37*z - 997401 = -175338 + 223409. What is the tens digit of z?
5
Suppose -32*n = -28*n - 184. Let w = 56 - n. Let u(l) = -l**3 + 11*l**2 + 12*l + 12. What is the tens digit of u(w)?
3
Let p(l) = 215*l**2 - 4*l - 2. Let w be p(-3). Suppose 6*c - w = 3269. What is the hundreds digit of c?
8
Suppose -5*m = -0*m - 100. Suppose 0 = -4*v + 2*d + 16, -2*v + m = -6*d + 2*d. Suppose 3*k + 86 = v*x, -2*x - 5*k = -x - 56. What is the units digit of x?
6
Suppose 11*k + 9*k - 40 = 0. Suppose -6*g + 5*g = -k, 2819 = 5*o + 2*g. What is the units digit of o?
3
Let r(y) = -131*y + 18. Suppose 14 + 0 = -2*n + 3*m, -5*n - 3*m = 56. What is the hundreds digit of r(n)?
3
Let k(t) = 591*t**2 - 128*t + 14. What is the hundreds digit of k(-4)?
9
Let z = 22424 + -8699. What is the units digit of z?
5
Suppose 4*o - 9*o = 5. Let n be (-6)/15 + (o - (-586)/(-10)). Let y = n - -141. What is the units digit of y?
1
Let i(f) be the second derivative of 26*f**3/3 - 35*f**2 - 185*f + 1. What is the tens digit of i(13)?
0
Let i(r) = r**2 + 7*r + 28. Let h be i(-15). Let w = 346 - h. What is the hundreds digit of w?
1
What is the hundreds digit of (-570)/(-38) + (5 - -4854)?
8
Let m(b) = 2*b + 2. Let l(p) = p**2 + 16*p + 17. Let y be l(-15). Let o(f) = 1. Let t(c) = y*m(c) + 2*o(c). What is the tens digit of t(5)?
2
Let i(j) = 64*j**2 + 213*j + 6188. What is the ten thousands digit of i(-27)?
4
Let m(w) = -3*w**2 + 5*w - 20. Let h be (-5)/1*((-3 - 0) + 2). Let n be m(h). What is the hundreds digit of (n/85)/7 + (-2535)/(-17)?
1
Suppose 288 = 3*q + 5*q. Suppose q = 5*f - 169. What is the tens digit of f?
4
Let t = 64 + 381. Let a(x) = 20*x - 49. Let u be a(14). Let z = t - u. What is the hundreds digit of z?
2
Suppose -457423 = -17*r + 277147. What is the hundreds digit of r?
2
Suppose 5*l = -o + 11115, 2*o - 10*l - 22185 = -5*l. What is the units digit of o?
0
Let a = 55614 - 17930. What is the thousands digit of a?
7
Suppose -8 = -x, -148*d = -143*d - 2*x - 9064. What is the units digit of d?
6
Suppose -12*u = -5*u - 7637. Let m = 1528 - u. What is the tens digit of m?
3
Let l(k) = 3*k**2 + 7*k + 5. Let d be (-1 - (-6)/(-3))*(-16)/(-24). Let p be l(d). Suppose 0 = n + r, 0 = 2*n - r - 6 - p. What is the units digit of n?
3
Let j be 3 - -6 - (2 + 4). Suppose -5*k + 1145 = 5*s, 2*s + 200 = j*k - 467. What is the units digit of k?
5
Let v(y) = -y**2 - 14*y - 19. Let d be v(-12). Suppose g + g - 257 = -s, d*g + 1270 = 5*s. What is the units digit of s?
5
What is the tens digit of -54826*217/(-154) + 38/209?
5
Let f be 1081/2 + -7 - 3/6. Suppose -4*x + f = 357. What is the units digit of x?
4
Let q(o) be the third derivative of -19*o**6/60 + o**5/30 + o**4/12 - o**3/6 + 62*o**2. What is the hundreds digit of q(-2)?
3
Let b = 564 + -1651. Let l be (-6)/(-21) + (-1)/((-7)/b). Let m = l + 283. What is the hundreds digit of m?
1
Let q be 0 - (5272/40)/(2/(-10)). What is the units digit of -6 + 2/2 + q?
4
Suppose i - 1 = 0, l + l + 5*i = 509. Let o = 624 - l. What is the hundreds digit of o?
3
Suppose 5*j - 1083 = 1627. Let a = j + 521. What is the thousands digit of a?
1
Let x(r) = -r**2 + 4*r + 3. Let o be x(5). Let n(a) = 11*a + 17*a**2 + 2 + 0*a - 4*a + 3 - 2*a. What is the tens digit of n(o)?
6
Let u(w) = 17*w + 12. Let z be u(-3). Let n = z + 42. Suppose 0*j - n*j = -177. What is the tens digit of j?
5
What is the units digit of (-4)/(-3) - 2 - (-281914)/186?
5
Let r be (-168)/5 - (-7 + (-444)/(-60)). Let d(f) = f**2 + 21*f - 72. What is the hundreds digit of d(r)?
3
Let a = -8757 + 19648. What is the units digit of a?
1
Let x(t) = 1122*t - 16. Suppose 10*q - 5*q = -3*v - 7, 0 = 2*q - v - 6. What is the hundreds digit of x(q)?
1
Let c = 33289 - -12256. What is the units digit of c?
5
Let v(k) = 10*k**2 - 23*k - 11. Suppose 0 = -4*h - 3*j + 41, 2*h + 14*j - 7 = 17*j. What is the units digit of v(h)?
5
Suppose 0 = 8*m - 14 - 10. Suppose 0 = -3*r + 4*r + 2*o - 4, -8 = -3*r - 2*o. Suppose 4*u = f - 87, r*f + m*u + 44 = 207. What is the tens digit of f?
8
Let v be 36/(-612) + 48262/(-17). Let k = -1918 - v. What is the tens digit of k?
2
Let a = -19 - -19. Let z(y) = 56 +